Let h be r(6). Let u be w(h). What is the greatest common factor of u and 56?
14
Let j(i) = -i**2 - 5*i + 7. Let w be j(-6). Let t = w - 4. Let p be (t/(-4))/((-5)/(-20)). What is the greatest common factor of 33 and p?
3
Let i be 1/(-3)*1*0. Let u(n) = n**3 + 16. Let r be u(i). Calculate the greatest common factor of 48 and r.
16
Suppose -5*n + 41 = 4*f, -2*f + 5*f - 3*n = -3. What is the highest common factor of 40 and f?
4
Let s be (-7)/(49/2) + 32/14. Calculate the highest common divisor of s and 32.
2
Let n = -29 - -25. Let i be (-3)/n + 333/4. Calculate the greatest common divisor of i and 28.
28
Suppose 2*p - 50 = -3*v + p, 3*p + 102 = 5*v. Calculate the highest common divisor of 126 and v.
18
Let z be 3 + 1 - (2 + -1). Suppose y + 9 - 24 = -z*x, 9 = 4*y - 5*x. Let r = 0 - -6. Calculate the highest common divisor of y and r.
6
Let l be 2/5*(4 + 131). Let j = 3 + 15. What is the highest common factor of j and l?
18
Let h(l) = -l + 1. Let s be h(-6). Suppose -n + 5*t - 21 = -0*n, -n + 9 = t. Let v be 1/(-2)*n - -9. Calculate the greatest common divisor of s and v.
7
Suppose -7*p + 99 + 27 = 0. Let m be 2/(-3) - (-2)/3. Let a = m + 2. What is the highest common divisor of p and a?
2
Suppose 2*k + 6 - 27 = -3*b, 3*b = 2*k + 9. Suppose 2*y = 9 - 3. What is the greatest common divisor of y and k?
3
Suppose -54 = -5*b + 3*b + 2*d, -3*b + 78 = -4*d. Calculate the greatest common factor of 270 and b.
30
Let x be 2 - (3 - 21/1). Calculate the greatest common divisor of x and 4.
4
Suppose 0 = 5*f - 2*f - 192. Calculate the highest common divisor of f and 32.
32
Let s = 5 + -12. Let t be s/(-35) + (-128)/(-10). What is the greatest common divisor of 143 and t?
13
Suppose -p = 5*j - 11 - 17, 0 = 3*j - 5*p - 28. Suppose j*w - 116 = 4. What is the highest common factor of w and 4?
4
Suppose 4*x - 105 = -5*v, 4*v + 2*x = 2*v + 44. Calculate the highest common divisor of v and 85.
17
Let y = 471 + -315. Calculate the highest common divisor of 12 and y.
12
Let l(z) = 2*z - 2. Let t be l(2). Suppose 4*a + 2*k - 310 = 0, t*a - 50 = -4*k + 90. What is the greatest common factor of 16 and a?
16
Suppose -2*f + 2 = -12. Let d be 1/f + (-228)/(-21). Calculate the highest common divisor of 77 and d.
11
Let c = -9 + 15. What is the highest common divisor of 48 and c?
6
Let x be ((-3)/9)/(3/(-45)). Let g be ((-54)/45)/((-2)/x). Calculate the greatest common factor of g and 24.
3
Suppose 0 = 2*g + 105 - 35. Let p be g/(-4) + 5/20. Let r = -9 + 18. Calculate the greatest common factor of r and p.
9
Let a be 2/2 - -41*1. Let v(p) = p**3 + 4*p**2 - 1. Let t be v(3). Let k = 167 - t. Calculate the greatest common factor of a and k.
21
Let v(m) = m**2 + 5*m - 9. Let t be v(3). What is the highest common divisor of t and 6?
3
Let w = 18 - 9. Suppose 2*n - 77 = m - w, 5*m = -4*n + 122. Suppose -4*y = -5*t - 22, -2*y + 8 = -0*t - t. What is the highest common factor of y and n?
3
Let n = 0 + 4. Suppose -4*f + 112 = 7*j - 3*j, 3*j + n*f - 88 = 0. Calculate the highest common divisor of 192 and j.
24
Let v be 1/(2/6 + 0). Let u = 4 - v. Calculate the highest common factor of 8 and u.
1
Suppose w = -w + 2. Let s be (1 - 2) + w*5. Calculate the highest common factor of 4 and s.
4
Suppose 5 = -2*u - 4*n + 51, 5*n - 77 = -4*u. Calculate the highest common divisor of u and 143.
13
Suppose 0 = 8*b - 12*b + 84. Let q = 297 + -171. Calculate the greatest common divisor of q and b.
21
Suppose 0 = -z - 2*w + 13, -5*z = -0*w - 5*w - 50. Let o(c) = c**3 + c - 4. Let b be o(0). Let s be 66/b*8/(-6). What is the highest common divisor of s and z?
11
Suppose -3*z + 0*z + 30 = 0. Let q be z/(-35) - 450/(-7). Let w be (-600)/(-76) - 6/(-57). Calculate the highest common divisor of q and w.
8
Let g be 38 - 2*(2 + -1). Let k = 1 - 1. Suppose -j = -k*j - 4. Calculate the greatest common divisor of j and g.
4
Let i be 1 - -1*(-23 + 1). Let n be (-2)/(-1) - i/1. Suppose 3*d = n + 37. What is the highest common divisor of 4 and d?
4
Suppose -3*v - 6 = -5*v. Suppose -4*y = -v*y - 117. Calculate the greatest common factor of y and 13.
13
Suppose 142 = -4*y + 562. What is the highest common factor of y and 35?
35
Suppose n + n - 160 = 4*l, n = -5*l + 108. Let j = -60 + n. Calculate the highest common factor of 42 and j.
14
Let a(s) = -s - 2. Let c be a(8). Let g = -7 - c. Suppose g*r - 2*r = 15. Calculate the highest common divisor of 15 and r.
15
Suppose -x - 12 + 64 = 0. What is the highest common factor of x and 26?
26
Suppose -45 = -5*g + 4*w, -g + 4*w - 33 = -2*g. Let r be (-2)/(-13) - (-37)/g. What is the highest common divisor of r and 24?
3
Let j be ((-147)/12)/(8/(-32)). What is the greatest common factor of j and 7?
7
Let y = -35 + 38. Calculate the greatest common factor of y and 15.
3
Let v(u) = -21 + 21 + u**2. Let b be v(2). Let q = 39 - 19. Calculate the greatest common factor of q and b.
4
Let d = -6 - -8. Suppose 2*p = 5*p - 5*r - 9, -d*p = 3*r - 25. Calculate the highest common divisor of p and 8.
8
Let n(z) = -z**3 + 5*z**2 + 4*z - 5. Let i be n(4). Suppose 0*c - 4*c - 12 = 0. Let f be 18 - (c + 6/2). Calculate the greatest common factor of f and i.
9
Let s = 2 + 207. What is the greatest common factor of s and 19?
19
Let w be (-381)/(-4) - (-5)/(-20). Let r be (-1 - 1) + -3 + w. What is the highest common factor of 10 and r?
10
Suppose 3*d - 2*k = -0*k + 1860, 2*d - 1240 = -k. Suppose 2*r + 114 = d. Calculate the highest common factor of r and 23.
23
Let q(n) = 3*n**3 - n**2 - 6 - 2*n**3 - 1. Let l be q(0). Let g(v) = v + 10. Let c be g(l). What is the highest common factor of 12 and c?
3
Suppose 5*j - 92 = -f - 35, 2*j = 4*f - 118. What is the highest common divisor of f and 4?
4
Suppose 41 - 5 = 4*w. Suppose -2*l - 5*d + 0 = -w, -5*l + 45 = 5*d. What is the greatest common divisor of 12 and l?
12
Let j(v) = 5*v**2 + 5*v - 4. Let u be j(4). Suppose 2*o = 4*o - u. Calculate the highest common factor of 12 and o.
12
Suppose 11*p = 23 + 65. Calculate the greatest common factor of 2 and p.
2
Let w(r) = -8*r**2 + 2*r. Let b be w(2). Let d = 54 + b. Let i = 13 + 0. Calculate the greatest common divisor of i and d.
13
Let m(h) = h + 30. Let u be m(0). Let z(j) = j**2 + j. Let v be z(3). What is the greatest common factor of v and u?
6
Suppose -2*u + 4 = 4*c, -4*c + 2*u + 15 = 3. Suppose -c*t = t - 300. What is the greatest common divisor of 20 and t?
20
Let q(f) = -f**3 + 9*f**2 - 7*f - 8. Let y be q(8). Let n be y + 84/3*1. Calculate the greatest common divisor of 4 and n.
4
Let s = -31 - -39. What is the greatest common divisor of s and 96?
8
Suppose 0*k = -k + 28. Let n be (-16)/(-20)*(114 - -1). Let v = n + k. Calculate the greatest common divisor of v and 48.
24
Let c(m) = -2*m**3 + 3*m**2 - m - 5. Let y be c(5). Let z be y/(-10) - (-1)/(-2). What is the greatest common factor of z and 6?
6
Suppose 2*t - h - 78 = 0, 4*h + 0*h = -4*t + 144. What is the greatest common divisor of 418 and t?
38
Let g = -3 + 24. Let j = g - 3. What is the greatest common factor of 2 and j?
2
Let m(o) = 10*o - 38. Let w be m(5). Calculate the highest common factor of w and 132.
12
Suppose 3*o + 6*o = 2673. What is the highest common divisor of o and 27?
27
Let h(r) = -78*r + 3. Let v be h(2). Let u = -83 - v. Calculate the greatest common divisor of 10 and u.
10
Suppose -3*i - 4*j + 104 = -i, 0 = 2*i + j - 107. Suppose 36 = 2*g - v, 3*v + i = 5*g - 2*g. What is the greatest common divisor of g and 6?
6
Let n = -10 - -16. Suppose 0*o - 2*o + 12 = 0. Calculate the greatest common factor of n and o.
6
Let d = 4 - 0. Suppose d*c = 3*c + 19. Calculate the highest common divisor of c and 171.
19
Let h be 1/(-3*(-2)/102). Suppose 0 = v - h + 1. What is the greatest common factor of 144 and v?
16
Let k = 199 + -1. Calculate the highest common factor of 18 and k.
18
Let w be (-4)/((1/1)/(-1)). Let z be 4/(-18) - (-224)/36. Let b be (z/(-1))/(-1) - 0. What is the greatest common divisor of w and b?
2
Let h = 2 - 1. Let b = h + 71. What is the greatest common divisor of b and 8?
8
Suppose 3*o - 5*x - 13 = 0, 4*o - 3*x - 25 + 4 = 0. Suppose -o*a + 9*a = 21. What is the highest common factor of a and 28?
7
Suppose y + 14 = 3*y. Suppose -y = 4*l - 5*l. Let i be (-1)/2 + (-71)/(-2). Calculate the highest common f